310
Let o(f) = -f**3 - 83*f**2 + 62*f + 610. Determine o(3).
22
Let y(l) = 44*l**2 + 22801*l - 18168. Give y(-519).
-3
Let f(o) = -49*o - 1855. Calculate f(-38).
7
Let v(d) = 3*d**2 - 309*d + 7815. Calculate v(57).
-51
Let i(g) = 29*g**3 + 30*g**2 - 5*g - 5. What is i(-1)?
1
Let s(t) = -2*t**3 - 227*t**2 + 581*t + 115. What is s(-116)?
-1
Let g(i) = 2528*i - 1519. Give g(0).
-1519
Let n(f) = -f**3 + 127*f**2 - 513*f + 4707. What is n(123)?
2124
Let p(a) = -193*a**2 - 1371*a - 364. Calculate p(-7).
-224
Let h(g) = -9214*g - 45764. Give h(-5).
306
Let t(r) = -2700*r + 270096. Determine t(100).
96
Let b(p) = -384*p**2 - 16509*p + 86. Determine b(-43).
-43
Let l(y) = 19*y - 238. Calculate l(-19).
-599
Let n(m) = -m**3 - 16218*m**2 - 81025*m + 195. Give n(-5).
-5
Let t(f) = -f**3 + 119*f**2 + 2494*f + 10455. Calculate t(-6).
-9
Let m(j) = 9*j**2 - 1877*j + 9358. Calculate m(5).
198
Let g(d) = -163*d**2 + 3950*d + 56. Calculate g(25).
-3069
Let c(x) = 8*x**2 + 518*x - 8802. Determine c(14).
18
Let v(k) = k**3 + 3*k**2 - 7819*k - 31246. Give v(-4).
14
Let p(q) = 62*q - 16092. Give p(260).
28
Let o(l) = 92*l**2 + 26*l - 85. Calculate o(-2).
231
Let p(l) = -l**2 + 108*l - 1774. What is p(21)?
53
Let l(t) = 530*t + 62558. Determine l(-118).
18
Let p(v) = 260*v - 6571. Determine p(26).
189
Let w(n) = 22*n**2 + 10810*n + 32433. What is w(-3)?
201
Let o(u) = 2*u**3 - 261*u**2 - 4*u - 16630. Calculate o(131).
7
Let i(s) = -4*s**2 - 5734*s - 28701. What is i(-5)?
-131
Let r(a) = -a**2 + 6*a - 31. What is r(5)?
-26
Let x(i) = -i**3 - 28*i**2 + 22325*i - 2838. What is x(136)?
18
Let z(b) = 3*b**3 - 12*b**2 - 65*b + 136. What is z(-4)?
12
Let a(m) = -m**3 + 8*m**2 - 4645*m + 27808. Give a(6).
10
Let r(y) = 3646*y - 26600. Determine r(7).
-1078
Let g(r) = 2010*r + 54352. Calculate g(-27).
82
Let d(a) = -393*a**2 + 1138*a + 126. Calculate d(3).
3
Let u(p) = 77992*p + 2651761. What is u(-34)?
33
Let z(a) = 384980*a + 384985. Calculate z(-1).
5
Let r(s) = -5*s**2 - 254*s - 1621. Calculate r(-51).
-1672
Let y(n) = -59910*n - 119796. What is y(-2)?
24
Let i(v) = -v**3 - 1105*v**2 - 43610*v + 647. Determine i(-41).
73
Let g(d) = -d**2 - 57*d - 15. Calculate g(-17).
665
Let a(k) = -1210*k - 169397. Calculate a(-140).
3
Let r(j) = -3*j**2 - 7978*j + 152639. Calculate r(19).
-26
Let w(y) = -21*y**3 + 2689*y**2 - 168*y + 5209. Determine w(128).
89
Let u(m) = 2187*m + 28769. Determine u(-13).
338
Let s(b) = 499914*b - 7998605. What is s(16)?
19
Let w(m) = 33*m**2 - 8325*m + 200710. Determine w(27).
-8
Let f(i) = 31*i**2 - 190*i + 182. Determine f(1).
23
Let a(m) = 16*m**3 + 51*m**2 - 106*m - 1158. Give a(-4).
-942
Let h(x) = 5*x**2 - 1625*x - 64954. Determine h(361).
26
Let v(f) = 4*f**2 - 43*f - 474. Determine v(-9).
237
Let a(n) = 46*n**2 - 9060*n - 317. What is a(197)?
77
Let t(x) = -x**3 + 89*x**2 + 13009*x - 648. What is t(-78)?
678
Let r(x) = -24083*x + 69. What is r(0)?
69
Let g(s) = -5*s**3 + 121*s**2 - 25*s - 98. Calculate g(24).
-122
Let y(j) = -67359*j + 875666. Determine y(13).
-1
Let j(x) = -246*x**2 + 5162*x + 76. Give j(21).
-8
Let k(h) = h**3 - 42*h**2 - 1771*h + 297. What is k(68)?
93
Let v(l) = -110*l**2 - 913*l - 3653. Calculate v(-4).
-1761
Let n(u) = 10*u**2 - 43*u - 3129. Determine n(20).
11
Let z(h) = 4925*h - 123105. Give z(25).
20
Let a(h) = 949*h - 126841. Give a(134).
325
Let p(x) = -100*x + 8279. Calculate p(92).
-921
Let w(x) = -168*x**3 - 5381*x**2 - 79*x + 21. Calculate w(-32).
-2571
Let p(i) = -862*i + 670. Give p(2).
-1054
Let u(p) = -4*p**3 + 247*p**2 - 167*p - 1020. Calculate u(61).
-44
Let m(d) = -1004*d**3 + 2*d**2 - 258*d + 257. Calculate m(1).
-1003
Let q(u) = -200*u + 4145. Calculate q(21).
-55
Let g(j) = 35*j - 519. Give g(-21).
-1254
Let o(t) = -t**3 - 745*t**2 - 2992*t - 20736. Calculate o(-741).
12
Let b(z) = -715*z - 88862. Calculate b(-123).
-917
Let b(y) = -82487*y - 82476. What is b(-1)?
11
Let j(b) = 107*b**3 - 6*b**2 - 469*b + 975. Give j(2).
869
Let w(n) = n**2 - 271*n - 7446. Determine w(-25).
-46
Let d(g) = -46*g**2 + 3366*g - 24431. Determine d(65).
9
Let j(g) = 4*g**2 + 923*g - 29283. What is j(-259)?
-16
Let z(d) = 2*d**3 - 35*d**2 - 438*d + 6741. Calculate z(20).
-19
Let a(y) = 19901*y - 19818. Calculate a(1).
83
Let t(i) = i**2 + 36*i - 272. Give t(-18).
-596
Let y(s) = s**2 + 601*s + 58631. Calculate y(-123).
-163
Let d(k) = 2*k**3 - 20*k**2 - 36*k + 133. Calculate d(9).
-353
Let h(m) = 717*m + 9502. Determine h(-15).
-1253
Let j(u) = 18*u**2 + 1587*u + 517. Give j(-88).
253
Let n(f) = -f**3 - 90*f**2 - 426*f - 350. Give n(-4).
-22
Let l(q) = -2*q**3 - 109*q**2 - 62*q - 449. What is l(-54)?
-17
Let i(x) = -5*x**2 + 2051*x + 143190. Determine i(471).
6
Let b(t) = -19026*t + 818302. Calculate b(43).
184
Let w(m) = -6*m**2 - 585*m - 3915. Give w(-7).
-114
Let n(b) = 4*b**3 + 35*b**2 + 98*b + 16. What is n(-4)?
-72
Let n(p) = 97967*p + 1665436. Give n(-17).
-3
Let b(r) = -13880*r + 4955164. Give b(357).
4
Let f(s) = 463486*s + 12050665. What is f(-26)?
29
Let t(v) = 8*v**2 - 100*v + 2073. Give t(8).
1785
Let i(o) = 682*o**2 + 21811*o + 79. Give i(-32).
495
Let k(i) = -47*i**2 - 10874*i - 10875. Calculate k(-1).
-48
Let a(v) = v**3 + 3*v**2 + 226*v + 2106. Determine a(-9).
-414
Let y(n) = -n**3 - 58*n**2 - 879*n - 127924. Calculate y(-71).
18
Let g(c) = 16507*c - 1205007. What is g(73)?
4
Let g(k) = -k**3 + 231*k**2 + 825*k - 28806. Give g(234).
-24
Let w(r) = 2*r**3 + 24*r**2 + 3878*r + 26717. Determine w(-7).
61
Let k(f) = 102*f**2 + 5210*f + 392. Determine k(-51).
-16
Let a(m) = m**2 + 41987*m - 924209. Give a(22).
-11
Let g(x) = -36*x**2 + 2480*x + 4963. Determine g(-2).
-141
Let z(d) = -1001*d - 12169. What is z(-12)?
-157
Let x(d) = -d**3 - 28*d**2 - 918*d - 25831. Calculate x(-28).
-127
Let k(u) = -1417*u + 12785. Give k(9).
32
Let h(n) = -n**2 - 10090*n + 323890. What is h(32)?
-14
Let r(g) = -61*g**2 + 1393*g + 99. Determine r(23).
-131
Let h(g) = 822*g - 614401. Calculate h(747).
-367
Let c(t) = -1630*t + 37472. Give c(23).
-18
Let g(l) = -2*l**2 + 201*l - 2123. What is g(88)?
77
Let g(h) = 4727*h + 472682. What is g(-100)?
-18
Let z(s) = 2310*s + 200931. Calculate z(-87).
-39
Let w(a) = 12*a**2 - 636*a - 44679. Determine w(93).
-39
Let t(i) = 4*i**2 - 8605*i + 379132. Give t(45).
7
Let b(p) = p**2 + 979*p - 42678. Determine b(42).
204
Let w(t) = 2*t**2 - 2356244*t - 11781269. Determine w(-5).
1
Let n(y) = 885*y**2 - 154903*y + 4885. Give n(175).
-15
Let m(x) = -231*x - 16794. What is m(-72)?
-162
Let b(j) = -4238*j + 572124. Calculate b(135).
-6
Let v(c) = -1978*c + 543. Calculate v(0).
543
Let u(m) = 1473*m - 95789. Calculate u(65).
-44
Let u(h) = -h**3 + 44*h**2 + 10010*h - 463855. Give u(47).
-12
Let o(t) = -6*t**3 - 496*t**2 - 323*t + 6. What is o(-82)?
-404
Let c(b) = -b**2 + 828*b + 4176. Determine c(-5).
11
Let t(l) = -l**3 - 468*l**2 + 1409*l + 1. Give t(3).
-11
Let p(s) = -4297*s - 546. Determine p(1).
-4843
Let y(s) = s**2 - 188*s + 8795. Calculate y(87).
8
Let f(t) = 221*t**2 + 1229*t + 2458. What is f(-2)?
884
Let o(a) = 3*a**3 - 112*a**2 - 648*a - 63. Calculate o(-5).
2
Let o(z) = -6*z**3 - 24*z**2 + 106*z - 261. What is o(3)?
-321
Let w(f) = -6*f**3 + 385*f**2 - 447*f + 308. Give w(63).
-70
Let t(v) = v**2 + 571372*v - 7999394. Calculate t(14).
10
Let m(j) = -8556*j + 581803. Calculate m(68).
-5
Let q(n) = -n**2 - 3761*n + 1002605. Calculate q(250).
-145
Let i(t) = 22396*t - 201582. Give i(9).
-18
Let i(q) = -1196*q + 113343. What is i(95)?
-277
Let g(v) = 55*v + 26837. Determine g(-488).
-3
Let y(h) = -6243*h**2 + 50019*h - 19. Give y(8).
581
Let z(w) = -3913*w + 453900. Determine z(116).
-8
Let l(o) = 23894*o + 238970. Give l(-10).
30
Let d(c) = -c**2 + 2427*c - 139748. What is d(59)?
-36
Let y(p) = -p**3 - 42*p**2 + 449*p - 41. Determine y(9).
-131
Let w(j) = -1989*j - 2109. Calculate w(-1).
-120
Let g(u) = 112276*u + 2806910. Determine g(-25).
10
Let w(h) = 2*h**2 + 47*h - 1054. Give w(16).
210
Let w(b) = 3188*b**2 + 133900*b + 123. Determine w(-42).
-45
Let q(o) = 55*o**2 + 450*o - 1345. What is q(3)?
500
Let f(b) = -b**2 + 1182*b - 335616. Determine f(708).
-24
Let l(h) = -77496*h - 15886663. Determine l(-205).
17
Let c(a) = 149*a + 106. What is c(-1)?
-43
Let f(i) = 8*i**2 + 111*i - 